{"id":203,"date":"2024-03-29T12:00:09","date_gmt":"2024-03-29T09:00:09","guid":{"rendered":"https:\/\/www.alitateks.com.tr\/?page_id=203"},"modified":"2024-07-09T19:05:34","modified_gmt":"2024-07-09T16:05:34","slug":"basic-tisort-gunluk-tisortler-rahat-tisortler-erkek-basic-tisort-kadin-basic-tisort-pamuklu-tisort-yuksek-kaliteli-tisortler-minimalist-tisortler-ozellestirilebilir-tisortler-turkiyede-ureti","status":"publish","type":"page","link":"https:\/\/www.alitateks.com.tr\/?page_id=203","title":{"rendered":"BASKILI T\u0130\u015e\u00d6RT"},"content":{"rendered":"\n\n\t<section class=\"section\" id=\"section_1883714271\">\n\t\t<div class=\"section-bg fill\" >\n\t\t\t\t\t\t\t\t\t\n\t\t\t\n\n\t\t<\/div>\n\n\t\t\n\n\t\t<div class=\"section-content relative\">\n\t\t\t\n\n\t<div id=\"gap-710301669\" class=\"gap-element clearfix\" style=\"display:block; height:auto;\">\n\t\t\n<style>\n#gap-710301669 {\n  padding-top: 30px;\n}\n<\/style>\n\t<\/div>\n\t\n\n<div class=\"row align-middle align-center\"  id=\"row-277597416\">\n\n\n\t<div id=\"col-1198200952\" class=\"col medium-12 small-12 large-6\"  >\n\t\t\t\t<div class=\"col-inner\"  >\n\t\t\t\n\t\t\t\n\n\n  <div class=\"banner has-hover\" id=\"banner-1180703150\">\n          <div class=\"banner-inner fill\">\n        <div class=\"banner-bg fill\" >\n            <img loading=\"lazy\" decoding=\"async\" width=\"1020\" height=\"680\" src=\"https:\/\/www.alitateks.com.tr\/wp-content\/uploads\/2024\/03\/brooke-cagle-BPydhzPfC8I-unsplash-1-1024x683.jpg\" class=\"bg attachment-large size-large\" alt=\"\" \/>                                    \n                    <\/div>\n\t\t\n        <div class=\"banner-layers container\">\n            <div class=\"fill banner-link\"><\/div>            \n\n   <div id=\"text-box-1131459170\" class=\"text-box banner-layer x50 md-x50 lg-x50 y50 md-y50 lg-y50 res-text\">\n                                <div class=\"text-box-content text dark\">\n              \n              <div class=\"text-inner text-center\">\n                  \n\n\n              <\/div>\n           <\/div>\n                            \n<style>\n#text-box-1131459170 {\n  width: 60%;\n}\n#text-box-1131459170 .text-box-content {\n  font-size: 100%;\n}\n@media (min-width:550px) {\n  #text-box-1131459170 {\n    width: 60%;\n  }\n}\n<\/style>\n    <\/div>\n \n\n        <\/div>\n      <\/div>\n\n            \n<style>\n#banner-1180703150 {\n  padding-top: 60%;\n  background-color: rgba(0, 0, 0, 0);\n}\n@media (min-width:550px) {\n  #banner-1180703150 {\n    padding-top: 75%;\n  }\n}\n<\/style>\n  <\/div>\n\n\n\n  <div class=\"banner has-hover\" id=\"banner-1955904242\">\n          <div class=\"banner-inner fill\">\n        <div class=\"banner-bg fill\" >\n            <img loading=\"lazy\" decoding=\"async\" width=\"1020\" height=\"680\" src=\"https:\/\/www.alitateks.com.tr\/wp-content\/uploads\/2024\/04\/Adsiz-tasarim-11-1-1024x683.png\" class=\"bg attachment-large size-large\" alt=\"\" \/>                                    \n                    <\/div>\n\t\t\n        <div class=\"banner-layers container\">\n            <div class=\"fill banner-link\"><\/div>            \n\n   <div id=\"text-box-334857393\" class=\"text-box banner-layer x50 md-x50 lg-x50 y50 md-y50 lg-y50 res-text\">\n                                <div class=\"text-box-content text dark\">\n              \n              <div class=\"text-inner text-center\">\n                  \n\n\n              <\/div>\n           <\/div>\n                            \n<style>\n#text-box-334857393 {\n  width: 60%;\n}\n#text-box-334857393 .text-box-content {\n  font-size: 100%;\n}\n@media (min-width:550px) {\n  #text-box-334857393 {\n    width: 60%;\n  }\n}\n<\/style>\n    <\/div>\n \n\n        <\/div>\n      <\/div>\n\n            \n<style>\n#banner-1955904242 {\n  padding-top: 99.99%;\n  background-color: rgba(0, 0, 0, 0);\n}\n@media (min-width:550px) {\n  #banner-1955904242 {\n    padding-top: 150%;\n  }\n}\n@media (min-width:850px) {\n  #banner-1955904242 {\n    padding-top: 117%;\n  }\n}\n<\/style>\n  <\/div>\n\n\n\n  <div class=\"banner has-hover\" id=\"banner-1541476853\">\n          <div class=\"banner-inner fill\">\n        <div class=\"banner-bg fill\" >\n            <img loading=\"lazy\" decoding=\"async\" width=\"1020\" height=\"680\" src=\"https:\/\/www.alitateks.com.tr\/wp-content\/uploads\/2024\/04\/Adsiz-tasarim-12-1-1024x683.png\" class=\"bg attachment-large size-large\" alt=\"\" \/>                                    \n                    <\/div>\n\t\t\n        <div class=\"banner-layers container\">\n            <div class=\"fill banner-link\"><\/div>            \n\n   <div id=\"text-box-2088734601\" class=\"text-box banner-layer x50 md-x50 lg-x50 y50 md-y50 lg-y50 res-text\">\n                                <div class=\"text-box-content text dark\">\n              \n              <div class=\"text-inner text-center\">\n                  \n\n\n              <\/div>\n           <\/div>\n                            \n<style>\n#text-box-2088734601 {\n  width: 60%;\n}\n#text-box-2088734601 .text-box-content {\n  font-size: 100%;\n}\n@media (min-width:550px) {\n  #text-box-2088734601 {\n    width: 60%;\n  }\n}\n<\/style>\n    <\/div>\n \n\n        <\/div>\n      <\/div>\n\n            \n<style>\n#banner-1541476853 {\n  padding-top: 60%;\n  background-color: rgba(0, 0, 0, 0);\n}\n@media (min-width:550px) {\n  #banner-1541476853 {\n    padding-top: 76%;\n  }\n}\n@media (min-width:850px) {\n  #banner-1541476853 {\n    padding-top: 87%;\n  }\n}\n<\/style>\n  <\/div>\n\n\n\n\t\t<\/div>\n\t\t\t\t\t<\/div>\n\n\t\n\n\t<div id=\"col-505751060\" class=\"col medium-12 small-12 large-6\"  >\n\t\t\t\t<div class=\"col-inner\"  >\n\t\t\t\n\t\t\t\n\n\t<div id=\"text-3365600886\" class=\"text\">\n\t\t\n\n<h3><strong>Emprime Bask\u0131l\u0131 Ti\u015f\u00f6rt \u0130malat\u0131 ve Toptan \u00dcretim<\/strong><\/h3>\n\t\t\n<style>\n#text-3365600886 {\n  font-size: 1.3rem;\n}\n<\/style>\n\t<\/div>\n\t\n<p>200 adet veya daha fazlas\u0131 i\u00e7in emprime bask\u0131l\u0131 ti\u015f\u00f6rt imalat\u0131 yap\u0131yoruz. Ti\u015f\u00f6rt modellerimizde XS, S, M, L, XL, 2XL, 3XL, 4XL ve 5XL beden se\u00e7enekleri bulunmaktad\u0131r. Sipari\u015finiz \u00fczerine bisiklet yaka ti\u015f\u00f6rt, V yaka ti\u015f\u00f6rt ve polo yaka ti\u015f\u00f6rt gibi farkl\u0131 modeller \u00fcretebiliriz.<\/p>\n<p><strong>\u00dcr\u00fcn \u00d6zellikleri:<\/strong><\/p>\n<ul>\n<li><strong>Beden Se\u00e7enekleri:<\/strong> XS, S, M, L, XL, 2XL, 3XL, 4XL, 5XL<\/li>\n<li><strong>Kullan\u0131lan Kuma\u015flar:<\/strong> %100 Pamuk (Cotton) s\u00fcprem penye<\/li>\n<li><strong>Kuma\u015f \u00d6zellikleri:<\/strong>\n<ul>\n<li>36\/1 s\u00fcprem penye m2 140 gr (\u0130nce Kuma\u015f)<\/li>\n<li>36\/1 s\u00fcprem penye m2 170 gr (%95 pamuk, %5 likra)<\/li>\n<li>30\/1 s\u00fcprem openend m2 145 gr (Normal Kuma\u015f)<\/li>\n<li>30\/1 s\u00fcprem penye m2 150 gr (Normal Kuma\u015f)<\/li>\n<li>28\/1 s\u00fcprem penye m2 165 gr (Normal Kuma\u015f)<\/li>\n<li>24\/1 s\u00fcprem penye m2 180 gr (Kal\u0131n Kuma\u015f)<\/li>\n<li>20\/1 s\u00fcprem penye m2 200 gr (Daha Kal\u0131n Kuma\u015f)<\/li>\n<li>16\/1 s\u00fcprem penye m2 230 gr (Daha Kal\u0131n Kuma\u015f)<\/li>\n<\/ul>\n<\/li>\n<\/ul>\n<p><strong>Sipari\u015f ve Fiyatland\u0131rma:<\/strong><\/p>\n<ul>\n<li>\u00dczerine bask\u0131 d\u00fc\u015f\u00fcn\u00fcyorsan\u0131z, WhatsApp veya e-posta yoluyla g\u00f6nderece\u011finiz bask\u0131 g\u00f6rseline bakarak fiyatland\u0131rma yap\u0131l\u0131r ve \u00fcretim s\u00fcresi taraf\u0131n\u0131za iletilir.<\/li>\n<li>Bask\u0131l\u0131 veya i\u015flemsiz halde, verece\u011finiz renk ve beden da\u011f\u0131l\u0131m\u0131nda \u00fcr\u00fcnleriniz toptan olarak haz\u0131rlan\u0131r.<\/li>\n<li>Kullan\u0131lan bask\u0131 sistemi emprime bask\u0131d\u0131r ve su bazl\u0131 bask\u0131 boyalar\u0131 kullan\u0131lmaktad\u0131r.<\/li>\n<\/ul>\n<p><strong>Di\u011fer Hizmetler:<\/strong><\/p>\n<ul>\n<li>Kendi tasar\u0131m\u0131n\u0131za sahipseniz, belli bir miktar stilist \u00fccreti kar\u015f\u0131l\u0131\u011f\u0131nda sizin modeliniz haz\u0131rlanarak \u00fcretim yap\u0131labilir.<\/li>\n<\/ul>\n<p><strong>Not:<\/strong> Kulland\u0131\u011f\u0131m\u0131z kuma\u015flar EKO-TEX belgelidir, kaliteli ve g\u00fcvenlidir.<\/p>\n<p>Sipari\u015fleriniz ve di\u011fer sorular\u0131n\u0131z i\u00e7in bizimle ileti\u015fime ge\u00e7mekten \u00e7ekinmeyin.<\/p>\n<a href=\"https:\/\/www.alitateks.com.tr\/?page_id=114\" class=\"button secondary\" style=\"border-radius:5px;\">\n\t\t<span>\u0130leti\u015fim<\/span>\n\t<\/a>\n\n\n\n\t\t<\/div>\n\t\t\t\t\n<style>\n#col-505751060 > .col-inner {\n  padding: 0px 0 0px 0px;\n}\n@media (min-width:550px) {\n  #col-505751060 > .col-inner {\n    padding: 0px 10% 0px 0px;\n  }\n}\n@media (min-width:850px) {\n  #col-505751060 > .col-inner {\n    padding: 0px 0px 0px 15%;\n  }\n}\n<\/style>\n\t<\/div>\n\n\t\n\n<\/div>\n\n\t\t<\/div>\n\n\t\t\n<style>\n#section_1883714271 {\n  padding-top: 30px;\n  padding-bottom: 30px;\n}\n<\/style>\n\t<\/section>\n\t\n\n","protected":false},"excerpt":{"rendered":"","protected":false},"author":1,"featured_media":0,"parent":0,"menu_order":0,"comment_status":"closed","ping_status":"closed","template":"page-blank.php","meta":{"footnotes":""},"class_list":["post-203","page","type-page","status-publish","hentry"],"yoast_head":"<!-- This site is optimized with the Yoast SEO plugin v27.4 - https:\/\/yoast.com\/product\/yoast-seo-wordpress\/ -->\n<title>BASKILI T\u0130\u015e\u00d6RT - AL\u0130TATEKS TEKST\u0130L Erkek basic ti\u015f\u00f6rt, Kad\u0131n basic ti\u015f\u00f6rt, Pamuklu<\/title>\n<meta name=\"description\" content=\"Basic ti\u015f\u00f6rt, G\u00fcnl\u00fck ti\u015f\u00f6rtler, Rahat ti\u015f\u00f6rtler, Erkek basic ti\u015f\u00f6rt, Kad\u0131n basic ti\u015f\u00f6rt, Pamuklu ti\u015f\u00f6rt, Y\u00fcksek kaliteli ti\u015f\u00f6rtler, Minimalist ti\u015f\u00f6rtler, \u00d6zelle\u015ftirilebilir ti\u015f\u00f6rtler, T\u00fcrkiye&#039;de \u00fcretilen ti\u015f\u00f6rtler, Uzun \u00f6m\u00fcrl\u00fc ti\u015f\u00f6rtler, Stil sahibi ti\u015f\u00f6rtler, Moda ti\u015f\u00f6rtler, Casual ti\u015f\u00f6rtler, \u00c7evre dostu ti\u015f\u00f6rtler, Basic pamuk ti\u015f\u00f6rt, Gen\u00e7 moda ti\u015f\u00f6rtler, \u0130lkbahar ti\u015f\u00f6rt koleksiyonu, Yaz ti\u015f\u00f6rt koleksiyonu, Her mevsim ti\u015f\u00f6rtler.\" \/>\n<meta name=\"robots\" content=\"index, follow, max-snippet:-1, max-image-preview:large, max-video-preview:-1\" \/>\n<link rel=\"canonical\" href=\"https:\/\/www.alitateks.com.tr\/?page_id=203\" \/>\n<meta property=\"og:locale\" content=\"tr_TR\" \/>\n<meta property=\"og:type\" content=\"article\" \/>\n<meta property=\"og:title\" content=\"BASKILI T\u0130\u015e\u00d6RT - AL\u0130TATEKS TEKST\u0130L Erkek basic ti\u015f\u00f6rt, Kad\u0131n basic ti\u015f\u00f6rt, Pamuklu\" \/>\n<meta property=\"og:description\" content=\"Basic ti\u015f\u00f6rt, G\u00fcnl\u00fck ti\u015f\u00f6rtler, Rahat ti\u015f\u00f6rtler, Erkek basic ti\u015f\u00f6rt, Kad\u0131n basic ti\u015f\u00f6rt, Pamuklu ti\u015f\u00f6rt, Y\u00fcksek kaliteli ti\u015f\u00f6rtler, Minimalist ti\u015f\u00f6rtler, \u00d6zelle\u015ftirilebilir ti\u015f\u00f6rtler, T\u00fcrkiye&#039;de \u00fcretilen ti\u015f\u00f6rtler, Uzun \u00f6m\u00fcrl\u00fc ti\u015f\u00f6rtler, Stil sahibi ti\u015f\u00f6rtler, Moda ti\u015f\u00f6rtler, Casual ti\u015f\u00f6rtler, \u00c7evre dostu ti\u015f\u00f6rtler, Basic pamuk ti\u015f\u00f6rt, Gen\u00e7 moda ti\u015f\u00f6rtler, \u0130lkbahar ti\u015f\u00f6rt koleksiyonu, Yaz ti\u015f\u00f6rt koleksiyonu, Her mevsim ti\u015f\u00f6rtler.\" \/>\n<meta property=\"og:url\" content=\"https:\/\/www.alitateks.com.tr\/?page_id=203\" \/>\n<meta property=\"og:site_name\" content=\"AL\u0130TATEKS TEKST\u0130L\" \/>\n<meta property=\"article:modified_time\" content=\"2024-07-09T16:05:34+00:00\" \/>\n<meta name=\"twitter:card\" content=\"summary_large_image\" \/>\n<meta name=\"twitter:label1\" content=\"Tahmini okuma s\u00fcresi\" \/>\n\t<meta name=\"twitter:data1\" content=\"2 dakika\" \/>\n<script type=\"application\/ld+json\" class=\"yoast-schema-graph\">{\"@context\":\"https:\\\/\\\/schema.org\",\"@graph\":[{\"@type\":\"WebPage\",\"@id\":\"https:\\\/\\\/www.alitateks.com.tr\\\/?page_id=203\",\"url\":\"https:\\\/\\\/www.alitateks.com.tr\\\/?page_id=203\",\"name\":\"BASKILI T\u0130\u015e\u00d6RT - AL\u0130TATEKS TEKST\u0130L Erkek basic ti\u015f\u00f6rt, Kad\u0131n basic ti\u015f\u00f6rt, Pamuklu\",\"isPartOf\":{\"@id\":\"https:\\\/\\\/www.alitateks.com.tr\\\/#website\"},\"datePublished\":\"2024-03-29T09:00:09+00:00\",\"dateModified\":\"2024-07-09T16:05:34+00:00\",\"description\":\"Basic ti\u015f\u00f6rt, G\u00fcnl\u00fck ti\u015f\u00f6rtler, Rahat ti\u015f\u00f6rtler, Erkek basic ti\u015f\u00f6rt, Kad\u0131n basic ti\u015f\u00f6rt, Pamuklu ti\u015f\u00f6rt, Y\u00fcksek kaliteli ti\u015f\u00f6rtler, Minimalist ti\u015f\u00f6rtler, \u00d6zelle\u015ftirilebilir ti\u015f\u00f6rtler, T\u00fcrkiye'de \u00fcretilen ti\u015f\u00f6rtler, Uzun \u00f6m\u00fcrl\u00fc ti\u015f\u00f6rtler, Stil sahibi ti\u015f\u00f6rtler, Moda ti\u015f\u00f6rtler, Casual ti\u015f\u00f6rtler, \u00c7evre dostu ti\u015f\u00f6rtler, Basic pamuk ti\u015f\u00f6rt, Gen\u00e7 moda ti\u015f\u00f6rtler, \u0130lkbahar ti\u015f\u00f6rt koleksiyonu, Yaz ti\u015f\u00f6rt koleksiyonu, Her mevsim ti\u015f\u00f6rtler.\",\"breadcrumb\":{\"@id\":\"https:\\\/\\\/www.alitateks.com.tr\\\/?page_id=203#breadcrumb\"},\"inLanguage\":\"tr\",\"potentialAction\":[{\"@type\":\"ReadAction\",\"target\":[\"https:\\\/\\\/www.alitateks.com.tr\\\/?page_id=203\"]}]},{\"@type\":\"BreadcrumbList\",\"@id\":\"https:\\\/\\\/www.alitateks.com.tr\\\/?page_id=203#breadcrumb\",\"itemListElement\":[{\"@type\":\"ListItem\",\"position\":1,\"name\":\"Anasayfa\",\"item\":\"https:\\\/\\\/www.alitateks.com.tr\\\/\"},{\"@type\":\"ListItem\",\"position\":2,\"name\":\"BASKILI T\u0130\u015e\u00d6RT\"}]},{\"@type\":\"WebSite\",\"@id\":\"https:\\\/\\\/www.alitateks.com.tr\\\/#website\",\"url\":\"https:\\\/\\\/www.alitateks.com.tr\\\/\",\"name\":\"AL\u0130TATEKS TEKST\u0130L\",\"description\":\"S\u0130Z HAYAL ED\u0130N B\u0130Z \u00dcRETEL\u0130M\",\"publisher\":{\"@id\":\"https:\\\/\\\/www.alitateks.com.tr\\\/#organization\"},\"potentialAction\":[{\"@type\":\"SearchAction\",\"target\":{\"@type\":\"EntryPoint\",\"urlTemplate\":\"https:\\\/\\\/www.alitateks.com.tr\\\/?s={search_term_string}\"},\"query-input\":{\"@type\":\"PropertyValueSpecification\",\"valueRequired\":true,\"valueName\":\"search_term_string\"}}],\"inLanguage\":\"tr\"},{\"@type\":\"Organization\",\"@id\":\"https:\\\/\\\/www.alitateks.com.tr\\\/#organization\",\"name\":\"AL\u0130TATEKS TEKST\u0130L SANAY\u0130 T\u0130CARET LTD \u015eT\u0130\",\"url\":\"https:\\\/\\\/www.alitateks.com.tr\\\/\",\"logo\":{\"@type\":\"ImageObject\",\"inLanguage\":\"tr\",\"@id\":\"https:\\\/\\\/www.alitateks.com.tr\\\/#\\\/schema\\\/logo\\\/image\\\/\",\"url\":\"https:\\\/\\\/www.alitateks.com.tr\\\/wp-content\\\/uploads\\\/2024\\\/03\\\/ALITATEKS-TEKSTIL-1-seffaf-arka-plan-Photoroom.png\",\"contentUrl\":\"https:\\\/\\\/www.alitateks.com.tr\\\/wp-content\\\/uploads\\\/2024\\\/03\\\/ALITATEKS-TEKSTIL-1-seffaf-arka-plan-Photoroom.png\",\"width\":500,\"height\":500,\"caption\":\"AL\u0130TATEKS TEKST\u0130L SANAY\u0130 T\u0130CARET LTD \u015eT\u0130\"},\"image\":{\"@id\":\"https:\\\/\\\/www.alitateks.com.tr\\\/#\\\/schema\\\/logo\\\/image\\\/\"}}]}<\/script>\n<!-- \/ Yoast SEO plugin. -->","yoast_head_json":{"title":"BASKILI T\u0130\u015e\u00d6RT - AL\u0130TATEKS TEKST\u0130L Erkek basic ti\u015f\u00f6rt, Kad\u0131n basic ti\u015f\u00f6rt, Pamuklu","description":"Basic ti\u015f\u00f6rt, G\u00fcnl\u00fck ti\u015f\u00f6rtler, Rahat ti\u015f\u00f6rtler, Erkek basic ti\u015f\u00f6rt, Kad\u0131n basic ti\u015f\u00f6rt, Pamuklu ti\u015f\u00f6rt, Y\u00fcksek kaliteli ti\u015f\u00f6rtler, Minimalist ti\u015f\u00f6rtler, \u00d6zelle\u015ftirilebilir ti\u015f\u00f6rtler, T\u00fcrkiye'de \u00fcretilen ti\u015f\u00f6rtler, Uzun \u00f6m\u00fcrl\u00fc ti\u015f\u00f6rtler, Stil sahibi ti\u015f\u00f6rtler, Moda ti\u015f\u00f6rtler, Casual ti\u015f\u00f6rtler, \u00c7evre dostu ti\u015f\u00f6rtler, Basic pamuk ti\u015f\u00f6rt, Gen\u00e7 moda ti\u015f\u00f6rtler, \u0130lkbahar ti\u015f\u00f6rt koleksiyonu, Yaz ti\u015f\u00f6rt koleksiyonu, Her mevsim ti\u015f\u00f6rtler.","robots":{"index":"index","follow":"follow","max-snippet":"max-snippet:-1","max-image-preview":"max-image-preview:large","max-video-preview":"max-video-preview:-1"},"canonical":"https:\/\/www.alitateks.com.tr\/?page_id=203","og_locale":"tr_TR","og_type":"article","og_title":"BASKILI T\u0130\u015e\u00d6RT - AL\u0130TATEKS TEKST\u0130L Erkek basic ti\u015f\u00f6rt, Kad\u0131n basic ti\u015f\u00f6rt, Pamuklu","og_description":"Basic ti\u015f\u00f6rt, G\u00fcnl\u00fck ti\u015f\u00f6rtler, Rahat ti\u015f\u00f6rtler, Erkek basic ti\u015f\u00f6rt, Kad\u0131n basic ti\u015f\u00f6rt, Pamuklu ti\u015f\u00f6rt, Y\u00fcksek kaliteli ti\u015f\u00f6rtler, Minimalist ti\u015f\u00f6rtler, \u00d6zelle\u015ftirilebilir ti\u015f\u00f6rtler, T\u00fcrkiye'de \u00fcretilen ti\u015f\u00f6rtler, Uzun \u00f6m\u00fcrl\u00fc ti\u015f\u00f6rtler, Stil sahibi ti\u015f\u00f6rtler, Moda ti\u015f\u00f6rtler, Casual ti\u015f\u00f6rtler, \u00c7evre dostu ti\u015f\u00f6rtler, Basic pamuk ti\u015f\u00f6rt, Gen\u00e7 moda ti\u015f\u00f6rtler, \u0130lkbahar ti\u015f\u00f6rt koleksiyonu, Yaz ti\u015f\u00f6rt koleksiyonu, Her mevsim ti\u015f\u00f6rtler.","og_url":"https:\/\/www.alitateks.com.tr\/?page_id=203","og_site_name":"AL\u0130TATEKS TEKST\u0130L","article_modified_time":"2024-07-09T16:05:34+00:00","twitter_card":"summary_large_image","twitter_misc":{"Tahmini okuma s\u00fcresi":"2 dakika"},"schema":{"@context":"https:\/\/schema.org","@graph":[{"@type":"WebPage","@id":"https:\/\/www.alitateks.com.tr\/?page_id=203","url":"https:\/\/www.alitateks.com.tr\/?page_id=203","name":"BASKILI T\u0130\u015e\u00d6RT - AL\u0130TATEKS TEKST\u0130L Erkek basic ti\u015f\u00f6rt, Kad\u0131n basic ti\u015f\u00f6rt, Pamuklu","isPartOf":{"@id":"https:\/\/www.alitateks.com.tr\/#website"},"datePublished":"2024-03-29T09:00:09+00:00","dateModified":"2024-07-09T16:05:34+00:00","description":"Basic ti\u015f\u00f6rt, G\u00fcnl\u00fck ti\u015f\u00f6rtler, Rahat ti\u015f\u00f6rtler, Erkek basic ti\u015f\u00f6rt, Kad\u0131n basic ti\u015f\u00f6rt, Pamuklu ti\u015f\u00f6rt, Y\u00fcksek kaliteli ti\u015f\u00f6rtler, Minimalist ti\u015f\u00f6rtler, \u00d6zelle\u015ftirilebilir ti\u015f\u00f6rtler, T\u00fcrkiye'de \u00fcretilen ti\u015f\u00f6rtler, Uzun \u00f6m\u00fcrl\u00fc ti\u015f\u00f6rtler, Stil sahibi ti\u015f\u00f6rtler, Moda ti\u015f\u00f6rtler, Casual ti\u015f\u00f6rtler, \u00c7evre dostu ti\u015f\u00f6rtler, Basic pamuk ti\u015f\u00f6rt, Gen\u00e7 moda ti\u015f\u00f6rtler, \u0130lkbahar ti\u015f\u00f6rt koleksiyonu, Yaz ti\u015f\u00f6rt koleksiyonu, Her mevsim ti\u015f\u00f6rtler.","breadcrumb":{"@id":"https:\/\/www.alitateks.com.tr\/?page_id=203#breadcrumb"},"inLanguage":"tr","potentialAction":[{"@type":"ReadAction","target":["https:\/\/www.alitateks.com.tr\/?page_id=203"]}]},{"@type":"BreadcrumbList","@id":"https:\/\/www.alitateks.com.tr\/?page_id=203#breadcrumb","itemListElement":[{"@type":"ListItem","position":1,"name":"Anasayfa","item":"https:\/\/www.alitateks.com.tr\/"},{"@type":"ListItem","position":2,"name":"BASKILI T\u0130\u015e\u00d6RT"}]},{"@type":"WebSite","@id":"https:\/\/www.alitateks.com.tr\/#website","url":"https:\/\/www.alitateks.com.tr\/","name":"AL\u0130TATEKS TEKST\u0130L","description":"S\u0130Z HAYAL ED\u0130N B\u0130Z \u00dcRETEL\u0130M","publisher":{"@id":"https:\/\/www.alitateks.com.tr\/#organization"},"potentialAction":[{"@type":"SearchAction","target":{"@type":"EntryPoint","urlTemplate":"https:\/\/www.alitateks.com.tr\/?s={search_term_string}"},"query-input":{"@type":"PropertyValueSpecification","valueRequired":true,"valueName":"search_term_string"}}],"inLanguage":"tr"},{"@type":"Organization","@id":"https:\/\/www.alitateks.com.tr\/#organization","name":"AL\u0130TATEKS TEKST\u0130L SANAY\u0130 T\u0130CARET LTD \u015eT\u0130","url":"https:\/\/www.alitateks.com.tr\/","logo":{"@type":"ImageObject","inLanguage":"tr","@id":"https:\/\/www.alitateks.com.tr\/#\/schema\/logo\/image\/","url":"https:\/\/www.alitateks.com.tr\/wp-content\/uploads\/2024\/03\/ALITATEKS-TEKSTIL-1-seffaf-arka-plan-Photoroom.png","contentUrl":"https:\/\/www.alitateks.com.tr\/wp-content\/uploads\/2024\/03\/ALITATEKS-TEKSTIL-1-seffaf-arka-plan-Photoroom.png","width":500,"height":500,"caption":"AL\u0130TATEKS TEKST\u0130L SANAY\u0130 T\u0130CARET LTD \u015eT\u0130"},"image":{"@id":"https:\/\/www.alitateks.com.tr\/#\/schema\/logo\/image\/"}}]}},"_links":{"self":[{"href":"https:\/\/www.alitateks.com.tr\/index.php?rest_route=\/wp\/v2\/pages\/203","targetHints":{"allow":["GET"]}}],"collection":[{"href":"https:\/\/www.alitateks.com.tr\/index.php?rest_route=\/wp\/v2\/pages"}],"about":[{"href":"https:\/\/www.alitateks.com.tr\/index.php?rest_route=\/wp\/v2\/types\/page"}],"author":[{"embeddable":true,"href":"https:\/\/www.alitateks.com.tr\/index.php?rest_route=\/wp\/v2\/users\/1"}],"replies":[{"embeddable":true,"href":"https:\/\/www.alitateks.com.tr\/index.php?rest_route=%2Fwp%2Fv2%2Fcomments&post=203"}],"version-history":[{"count":5,"href":"https:\/\/www.alitateks.com.tr\/index.php?rest_route=\/wp\/v2\/pages\/203\/revisions"}],"predecessor-version":[{"id":398,"href":"https:\/\/www.alitateks.com.tr\/index.php?rest_route=\/wp\/v2\/pages\/203\/revisions\/398"}],"wp:attachment":[{"href":"https:\/\/www.alitateks.com.tr\/index.php?rest_route=%2Fwp%2Fv2%2Fmedia&parent=203"}],"curies":[{"name":"wp","href":"https:\/\/api.w.org\/{rel}","templated":true}]}}